40241
In base 16, what is -11 + 171cd2?
171cc1
In base 9, what is -284871 + 10?
-284861
In base 12, what is 215 + 14878?
14a91
In base 16, what is -592875 + 9?
-59286c
In base 9, what is 61650 - -17667?
80427
In base 8, what is -1121 - -34562?
33441
In base 11, what is -1707 - -29a24?
28318
In base 13, what is -5 + -1378b093?
-1378b098
In base 7, what is -4263116 + -5?
-4263124
In base 4, what is 11303 + 12212030313?
12212102222
In base 5, what is -2342204340 - -11?
-2342204324
In base 2, what is 10100100010001 - 10110100111?
10001101101010
In base 15, what is a + 127d4e?
127d59
In base 14, what is -1bb2 + -a226?
-bdd8
In base 11, what is -50600 - -17?
-50594
In base 11, what is -1026 - -113347?
112321
In base 4, what is -1032233302 + -13311?
-1032313213
In base 4, what is -1123230 - 30323?
-1220213
In base 15, what is 20260 + -d00?
1e460
In base 6, what is 4215052541 - -2?
4215052543
In base 8, what is 1657 - 727305?
-725426
In base 6, what is -4415204 + -155?
-4415403
In base 12, what is -6 - -539593?
539589
In base 14, what is 80b9 + -268?
7c51
In base 7, what is 604240 - -146?
604416
In base 16, what is -d67098 + 1?
-d67097
In base 15, what is 2aa9 + dca?
3984
In base 6, what is -3055444 - 40?
-3055524
In base 2, what is 11001011100 - -10111000010110?
11010001110010
In base 7, what is -12421 - -2544?
-6544
In base 16, what is -38e8 - 6fd?
-3fe5
In base 16, what is -349 + 141a3?
13e5a
In base 2, what is 100101010110 - 10010100111110?
-1101111101000
In base 9, what is -6 - -1166745?
1166738
In base 16, what is -8e6d40 + -11?
-8e6d51
In base 8, what is 0 + 43376067?
43376067
In base 16, what is -1a0d3f + c?
-1a0d33
In base 13, what is -11054 - -5a9a?
-8287
In base 6, what is 2 - -145533134?
145533140
In base 3, what is -21 - 12020220001112?
-12020220001210
In base 2, what is -10101101001110110 - 11001101000100?
-11000110110111010
In base 3, what is -2222211012 + 11?
-2222211001
In base 16, what is -14 - 60056?
-6006a
In base 4, what is -2031232 + -13111110?
-21203002
In base 3, what is 1122121202001 + -202?
1122121201022
In base 8, what is 16221 + 10645?
27066
In base 9, what is 1456323315 + 3?
1456323318
In base 10, what is 5199 - -2684?
7883
In base 6, what is -1135 + -15431?
-21010
In base 14, what is -4 - -a5194?
a5190
In base 14, what is 78 - 774c?
-76b4
In base 4, what is -3121023231 - -10?
-3121023221
In base 10, what is 1 - 1596982?
-1596981
In base 13, what is -7 + -15aac?
-15ab6
In base 16, what is -b + -16c25c?
-16c267
In base 6, what is -4404533 + -5130?
-4414103
In base 6, what is 40 - 51211054?
-51211014
In base 2, what is 1100 - -101000110001000110?
101000110001010010
In base 6, what is -1123234514 + -5?
-1123234523
In base 7, what is -5 + -54142530?
-54142535
In base 6, what is 25154355 - 3140?
25151215
In base 14, what is -bb867a + -5?
-bb8681
In base 14, what is -9d0 - -145?
-889
In base 2, what is -111001011010 + -111010010011?
-1110011101101
In base 15, what is 5a98 + da?
5b83
In base 6, what is -3 - 25443431?
-25443434
In base 6, what is -5331444 - -1034?
-5330410
In base 16, what is 10a5aa + 4d?
10a5f7
In base 5, what is 22314220 + -12020?
22302200
In base 7, what is -1 + 2401603460?
2401603456
In base 13, what is 1 - 3a267227?
-3a267226
In base 12, what is -103 + -7112a?
-71231
In base 6, what is -1222153 - -5433?
-1212320
In base 7, what is -2 + 10535116?
10535114
In base 4, what is 1200133 + 2321000?
10121133
In base 3, what is -220 - 10002200021212?
-10002200022202
In base 15, what is -1 - 25d2e33?
-25d2e34
In base 2, what is 1 - -10000101000010110010010111?
10000101000010110010011000
In base 2, what is 10100010010000101110 - -100010011?
10100010010101000001
In base 8, what is -3 + -1163146?
-1163151
In base 9, what is 0 - 72057858?
-72057858
In base 4, what is 1001221211 + 0?
1001221211
In base 11, what is -59a6aa13 + -4?
-59a6aa17
In base 12, what is -33 - -329867?
329834
In base 10, what is -8215 + -10?
-8225
In base 6, what is -424 + 201132?
200304
In base 8, what is 60742730 - -3?
60742733
In base 13, what is -7752ca0 - 6?
-7752ca6
In base 14, what is 2d + -145c7?
-14598
In base 10, what is 17980 + 129?
18109
In base 4, what is 123122012 - -13?
123122031
In base 12, what is 25a19a486 - -3?
25a19a489
In base 2, what is -11101101101110101110010 - -1100111?
-11101101101110100001011
In base 8, what is 213 - -427410?
427623
In base 4, what is 1220 + -22233121?
-22231301
In base 14, what is 6 - 124658b?
-1246585
In base 9, what is -1073 - -1318578?
1317505
In base 15, what is 7a + 6a398?
6a423
In base 4, what is 21310 - 3231120?
-3203210
In base 6, what is 2515151223 + -2?
2515151221
In base 10, what is -998202 + 3?
-998199
In base 14, what is 3c270 - -1b3?
3c443
In base 16, what is -eb5576d - -2?
-eb5576b
In base 8, what is 704453544 + -1?
704453543
In base 10, what is -5 + 44937694?
44937689
In base 9, what is -3 + 57535065?
57535062
In base 9, what is -1824 + -1764?
-3688
In base 2, what is -11001010010000 - 1000111101?
-11010011001101
In base 12, what is -2a204 + b14?
-292b0
In base 9, what is -126562815 - -4?
-126562811
In base 15, what is 10 - -1a79ca?
1a79da
In base 7, what is 34515 - 26244?
5241
In base 5, what is 11141314002 + 1?
11141314003
In base 13, what is -1 - -548cc3?
548cc2
In base 7, what is 206 + -1402544?
-1402335
In base 9, what is 13252 - -313?
13565
In base 9, what is 0 - -11810603?
11810603
In base 15, what is a92e1a - -7?
a92e22
In base 9, what is -3 + -104302221?
-104302224
In base 6, what is -2524 - 14350254?
-14353222
In base 7, what is 12253 - 4555?
4365
In base 2, what is -100 - 10000001110011011010000100?
-10000001110011011010001000
In base 5, what is -33341 - 4442102?
-10030443
In base 14, what is 1 - 636779?
-636778
In base 13, what is -4 - 401b378?
-401b37c
In base 2, what is 110011100101110010011110 + 1001?
110011100101110010100111
In base 4, what is -330 + 313322210?
313321220
In base 15, what is 17e4966 + -3?
17e4963
In base 2, what is 101000111011110 + -10100001?
101000100111101
In base 2, what is 101111111000010100001011 + 10000010?
101111111000010110001101
In base 3, what is -20 + -102100212001201122?
-102100212001201212
In base 8, what is -10070511 + 2?
-10070507
In base 16, what is 45 + -753d?
-74f8
In base 4, what is 0 - 2310102030?
-2310102030
In base 10, what is 336776 + 7?
336783
In base 7, what is -102466 - 532?
-103331
In base 6, what is 5441425 + 4?
5441433
In base 6, what is 3 - -10051105011?
10051105014
In base 4, what is 10232010 - 10000?
10222010
In base 7, what is 1366261 + -466?
1365462
In base 12, what is -50108 + -533?
-5063b
In base 15, what is -279577 + 1a?
-27955c
In base 8, what is 0 - 255772070?
-255772070
In base 8, what is 414721 + 1657?
416600
In base 8, what is 4 + -265455774?
-265455770
In base 9, what is -18 + -37370851?
-37370870
In base 12, what is 548 - 163?
3a5
In base 14, what is -b401 + 140?
-b2a1
In base 12, what is 3b + -747982?
-747943
In base 10, what is 2321705 + 0?
2321705
In base 7, what is 15445 + 22363?
41141
In base 4, what is -113 - 3233213103?
-3233213222
In base 15, what is -709 + 206e8?
1eede
In base 13, what is 0 + -677b3b?
-677b3b
In base 4, what is -12 - 31123201311?
-31123201323
In base 4, what is -11 - -3232110200313?
3232110200302
In base 6, what is 2 + 43200231?
43200233
In base 9, what is -10205 - -14168?
3863
In base 14, what is 25d8a + 5?
25d91
In base 14, what is 18ca5d0 - 3?
18ca5cb
In base 15, what is -5 + -11172ab?
-11172b1
In base 3, what is -202121020000 - 220111?
-202122010111
In base 8, what is 0 + 276501271?
276501271
In base 16, what is 18 - 24ebcf?
-24ebb7
In base 11, what is -7951601 + 2?
-79515aa
In base 9, what is 231468 + -18?
231450
In base 5, what is -31404214303 + 2?
-31404214301
In base 8, what is 25717410 - -4?
25717414
In base 4, what is 0 - -211300030321?
211300030321
In base 14, what is 53791 + -218?
53577
In base 10, what is 7 + 3039411?
3039418
In base 13, what is -13496c97 - 6?
-13496ca0
In base 2, what is 1001 - 101010100010101100?
-101010100010100011
In base 16, what is 2f6c - bd0?
239c
In base 7, what is 561 + 41526?
42420
In base 13, what is 10 + 7b9766b?
7b9767b
In base 12, what is 351 - -5a349?
5a69a
In base 9, what is -260120 - 444?
-260564
In base 6, what is 320 + -12345025?
-1234430